e number?
False
Is 422779 composite?
True
Is 17383 a composite number?
False
Is 2053 a prime number?
True
Is 14923 a composite number?
False
Is 86381 a prime number?
True
Is 103647 composite?
True
Is 8939 prime?
False
Is 1434995 composite?
True
Is 754877 composite?
False
Is 271409 prime?
True
Is 21353 composite?
True
Is 390151 a prime number?
True
Is 6349 a prime number?
False
Is 67247 composite?
False
Is 433901 composite?
True
Is 8689 composite?
False
Is 37463 prime?
True
Is 4741 prime?
False
Is 76495 a composite number?
True
Is 1658222 composite?
True
Is 4861 prime?
True
Is 1019 prime?
True
Is 183283 composite?
False
Is 563071 prime?
False
Is 128515 composite?
True
Is 2321 a prime number?
False
Is 310766 a prime number?
False
Is 45377 a prime number?
True
Is 55259 prime?
True
Is 85733 prime?
True
Is 590587 prime?
False
Is 172285 a prime number?
False
Is 39907 a composite number?
True
Is 261589 a prime number?
False
Is 72499 a prime number?
False
Is 36187 prime?
True
Is 1498073 a prime number?
True
Is 15727 a prime number?
True
Is 858791 prime?
False
Is 6689 a prime number?
True
Is 105603 prime?
False
Is 496079 a prime number?
True
Is 14951 prime?
True
Is 171131 composite?
False
Is 1865 a composite number?
True
Is 441797 a prime number?
True
Is 3691 prime?
True
Is 70795 prime?
False
Is 375353 a composite number?
True
Is 460015 a prime number?
False
Is 6541 a prime number?
False
Is 82639 composite?
True
Is 141809 prime?
False
Is 24889 composite?
False
Is 19523 prime?
False
Is 1249753 composite?
True
Is 70162 a composite number?
True
Is 7177 composite?
False
Is 15551 a composite number?
False
Is 2536013 prime?
True
Is 316679 a prime number?
False
Is 1585729 prime?
False
Is 5539 prime?
False
Is 109331 prime?
True
Is 1862213 a composite number?
False
Is 2045 prime?
False
Is 744983 composite?
True
Is 6593 prime?
False
Is 574027 composite?
True
Is 15079 a prime number?
False
Is 33815 composite?
True
Is 65867 a composite number?
False
Is 1753429 prime?
False
Is 378661 prime?
True
Is 8621 composite?
True
Is 618029 prime?
True
Is 194789 prime?
False
Is 1434841 composite?
False
Is 193931 a prime number?
False
Is 382 prime?
False
Is 630541 composite?
True
Is 3389 a composite number?
False
Is 10473 composite?
True
Is 10133 prime?
True
Is 2777017 a prime number?
False
Is 2234 a composite number?
True
Is 2867 composite?
True
Is 5905 a composite number?
True
Is 122831 a prime number?
False
Is 151661 prime?
False
Is 170722 prime?
False
Is 17011 prime?
True
Is 66239 prime?
True
Is 38299 a prime number?
True
Is 263161 composite?
True
Is 497323 composite?
False
Is 52795 a composite number?
True
Is 64433 a prime number?
True
Is 6911 a prime number?
True
Is 8057 composite?
True
Is 12785 prime?
False
Is 2007257 prime?
False
Is 33679 a composite number?
False
Is 103 prime?
True
Is 32539 composite?
True
Is 392437 composite?
False
Is 191657 composite?
False
Is 8663 composite?
False
Is 3387 composite?
True
Is 5639 prime?
True
Is 21 prime?
False
Is 424961 a prime number?
True
Is 7478 prime?
False
Is 1393109 composite?
True
Is 2925353 prime?
True
Is 25483 a composite number?
True
Is 419651 a composite number?
False
Is 237261 composite?
True
Is 52727 a prime number?
True
Is 12839 prime?
False
Is 5221 composite?
True
Is 17827 a composite number?
False
Is 359083 prime?
False
Is 1035131 prime?
True
Is 5219 a composite number?
True
Is 18591 prime?
False
Is 161314 prime?
False
Is 3403 a composite number?
True
Is 5249 prime?
False
Is 96245 a composite number?
True
Is 60035 a prime number?
False
Is 20087 composite?
True
Is 20617 a prime number?
False
Is 1621 prime?
True
Is 116783 prime?
False
Is 65629 a prime number?
True
Is 1279 a composite number?
False
Is 4391 a prime number?
True
Is 1103 composite?
False
Is 26551 prime?
False
Is 1583 a composite number?
False
Is 32749 a composite number?
False
Is 177107 composite?
True
Is 1775419 composite?
False
Is 24499 a composite number?
False
Is 26731 prime?
True
Is 29731 a composite number?
True
Is 3386 a prime number?
False
Is 1799971 a prime number?
False
Is 331307 a prime number?
True
Is 133141 composite?
True
Is 6379 composite?
False
Is 9227 a composite number?
False
Is 744431 prime?
True
Is 163738 composite?
True
Is 29663 a prime number?
True
Is 191207 composite?
True
Is 14395 composite?
True
Is 316423 a composite number?
False
Is 82781 composite?
False
Is 14757 composite?
True
Is 91687 composite?
True
Is 6107 prime?
False
Is 4909 a composite number?
False
Is 47221 composite?
False
Is 17783 prime?
True
Is 4007 prime?
True
Is 5147 a prime number?
True
Is 33751 prime?
True
Is 20623 a composite number?
True
Is 56071 prime?
False
Is 13229 a prime number?
True
Is 72101 prime?
True
Is 33199 prime?
True
Is 11073 composite?
True
Is 3293 a composite number?
True
Is 482179 a prime number?
True
Is 683 a composite number?
False
Is 98045 prime?
False
Is 118787 composite?
False
Is 43341 a composite number?
True
Is 8059 a prime number?
True
Is 92921 prime?
True
Is 401707 a composite number?
False
Is 22901 a composite number?
False
Is 13033 prime?
True
Is 2798101 composite?
True
Is 11197 composite?
False
Is 82682 composite?
True
Is 95429 a composite number?
False
Is 2813 a composite number?
True
Is 43163 a composite number?
True
Is 137073 prime?
False
Is 576209 prime?
False
Is 53657 prime?
True
Is 20593 a composite number?
False
Is 3445589 prime?
False
Is 362303 a prime number?
True
Is 17657 prime?
True
Is 89593 a composite number?
True
Is 10841 a composite number?
True
Is 1540477 composite?
False
Is 109589 composite?
False
Is 1054363 composite?
False
Is 126829 composite?
True
Is 144587 prime?
False
Is 16141 composite?
False
Is 29917 composite?
False
Is 142529 a composite number?
False
Is 5723 composite?
True
Is 811819 a prime number?
True
Is 6847 composite?
True
Is 267829 a prime number?
True
Is 15859 a prime number?
True
Is 28319 a prime number?
True
Is 1121539 a prime number?
True
Is 370373 a composite number?
False
Is 101063 prime?
True
Is 768029 prime?
True
Is 217199 composite?
False
Is 78041 composite?
False
Is 141383 prime?
False
Is 4861 a prime number?
True
Is 835097 prime?
True
Is 16729 composite?
False
Is 160579 a prime number?
True
Is 796631 composite?
True
Is 9391 a prime number?
True
Is 14981 prime?
False
Is 1265183 prime?
False
Is 11539 a composite number?
True
Is 114803 composite?
True
Is 2805757 composite?
False
Is 501697 prime?
False
Is 8033 composite?
True
Is 1237 a prime number?
True
Is 3013 a prime number?
False
Is 1861 composite?
False
Is 733045 composite?
True
Is 58777 composite?
True
Is 128507 a composite number?
True
Is 12941 composite?
False
Is 402707 composite?
True
Is 55129 prime?
False
Is 104833 a composite number?
True
Is 625303 composite?
True
Is 765557 a composite number?
True
Is 73867 composite?
False
Is 496609 composite?
False
Is 23149 prime?
False
Is 26153 composite?
False
Is 97 a prime number?
True
Is 43931 prime?
False
Is 19049 prime?
False
Is 21139 composite?
False
Is 18429 a composite number?
True
Is 20542 a prime number?
False
Is 8287 composite?
False
Is 82055 a composite number?
True
Is 9133 a prime number?
True
Is 91013 composite?
True
Is 44413 composite?
True
Is 196379 composite?
False
Is 454903 prime?
False
Is 106243 a composite number?
False
Is 4117 composite?
True
Is 47 a prime number?
True
Is 447101 a composite number?
False
Is 671 a prime number?
False
Is 32501 composite?
True
Is 326923 prime?
True
Is 10109 composite?
True
Is 497899 a composite number?
False
Is 81245 composite?
True
Is 2559 a composite number?
True
Is 205186 prime?
False
Is 169293 prime?
False
Is 39815 a prime number?
False
Is 1302757 a prime number?
True
Is 306473 a prime number?
True
Is 3797 a composite number?
False
Is 486061 prime?
True
Is 1354 composite?
True
Is 223961 a prime number?
False
Is 967 composite?
False
Is 22739 a prime number?
True
Is 9227 a composite number?
False
Is 54841 composite?
True
Is 42263 a composite number?
True
Is 287 composite?
True
Is 431789 composite?
True
Is 76343 a prime number?
True
Is 2767 a prime number?
True
Is 6337 a prime number?
True
Is 45233 a composite number?
False
Is 211247 a composite number?
False
Is 16997 composite?
True
Is 27619 a composite number?
True
Is 43391 a prime number?
T